{"id":854,"date":"2026-02-22T00:58:12","date_gmt":"2026-02-22T05:58:12","guid":{"rendered":"https:\/\/web.paybills.ec\/?page_id=854"},"modified":"2026-02-24T00:08:00","modified_gmt":"2026-02-24T05:08:00","slug":"contacto-2","status":"publish","type":"page","link":"https:\/\/web.paybills.ec\/?page_id=854","title":{"rendered":"Pagos"},"content":{"rendered":"\t\t<div data-elementor-type=\"wp-page\" data-elementor-id=\"854\" class=\"elementor elementor-854\" data-elementor-post-type=\"page\">\n\t\t\t\t<div class=\"elementor-element elementor-element-c7e25fb e-con-full elementor-hidden-mobile e-flex e-con e-parent\" data-id=\"c7e25fb\" data-element_type=\"container\" data-settings=\"{&quot;background_background&quot;:&quot;classic&quot;}\">\n\t\t<div class=\"elementor-element elementor-element-118a304 e-flex e-con-boxed e-con e-child\" data-id=\"118a304\" data-element_type=\"container\">\n\t\t\t\t\t<div class=\"e-con-inner\">\n\t\t<div class=\"elementor-element elementor-element-c0dba4d e-con-full e-flex e-con e-child\" data-id=\"c0dba4d\" data-element_type=\"container\">\n\t\t\t\t<div class=\"elementor-element elementor-element-e558787 elementor-widget elementor-widget-text-editor\" data-id=\"e558787\" data-element_type=\"widget\" data-widget_type=\"text-editor.default\">\n\t\t\t\t\t\t\t\t\t<p>PLANES PAYBILLS<\/p>\t\t\t\t\t\t\t\t<\/div>\n\t\t\t\t<div class=\"elementor-element elementor-element-4c4736d elementor-widget__width-inherit elementor-widget elementor-widget-heading\" data-id=\"4c4736d\" data-element_type=\"widget\" data-widget_type=\"heading.default\">\n\t\t\t\t\t<h1 class=\"elementor-heading-title elementor-size-default\">Pago seguro y transparente<\/h1>\t\t\t\t<\/div>\n\t\t\t\t<div class=\"elementor-element elementor-element-be26799 elementor-widget elementor-widget-text-editor\" data-id=\"be26799\" data-element_type=\"widget\" data-widget_type=\"text-editor.default\">\n\t\t\t\t\t\t\t\t\t<p>El pago se procesa de forma segura y te dar\u00e1 acceso inmediato a las funcionalidades del plan seleccionado.<\/p>\t\t\t\t\t\t\t\t<\/div>\n\t\t\t\t<\/div>\n\t\t<div class=\"elementor-element elementor-element-786c861 e-con-full e-flex e-con e-child\" data-id=\"786c861\" data-element_type=\"container\">\n\t\t\t\t<\/div>\n\t\t\t\t\t<\/div>\n\t\t\t\t<\/div>\n\t\t\t\t<\/div>\n\t\t<div class=\"elementor-element elementor-element-c581b08 e-con-full elementor-hidden-desktop elementor-hidden-tablet e-flex e-con e-parent\" data-id=\"c581b08\" data-element_type=\"container\" data-settings=\"{&quot;background_background&quot;:&quot;classic&quot;}\">\n\t\t<div class=\"elementor-element elementor-element-2d7d14c e-flex e-con-boxed e-con e-child\" data-id=\"2d7d14c\" data-element_type=\"container\">\n\t\t\t\t\t<div class=\"e-con-inner\">\n\t\t<div class=\"elementor-element elementor-element-14b4b98 e-con-full e-flex e-con e-child\" data-id=\"14b4b98\" data-element_type=\"container\">\n\t\t\t\t<div class=\"elementor-element elementor-element-36f1124 elementor-widget elementor-widget-text-editor\" data-id=\"36f1124\" data-element_type=\"widget\" data-widget_type=\"text-editor.default\">\n\t\t\t\t\t\t\t\t\t<p>PLANES PAYBILLS<\/p>\t\t\t\t\t\t\t\t<\/div>\n\t\t\t\t<div class=\"elementor-element elementor-element-63d219b elementor-widget__width-inherit elementor-widget elementor-widget-heading\" data-id=\"63d219b\" data-element_type=\"widget\" data-widget_type=\"heading.default\">\n\t\t\t\t\t<h1 class=\"elementor-heading-title elementor-size-default\">Pago seguro y transparente<\/h1>\t\t\t\t<\/div>\n\t\t\t\t<div class=\"elementor-element elementor-element-7e1b8e7 elementor-widget elementor-widget-text-editor\" data-id=\"7e1b8e7\" data-element_type=\"widget\" data-widget_type=\"text-editor.default\">\n\t\t\t\t\t\t\t\t\t<p>El pago se procesa de forma segura y te dar\u00e1 acceso inmediato a las funcionalidades del plan seleccionado.<\/p>\t\t\t\t\t\t\t\t<\/div>\n\t\t\t\t<\/div>\n\t\t\t\t\t<\/div>\n\t\t\t\t<\/div>\n\t\t\t\t<\/div>\n\t\t<div class=\"elementor-element elementor-element-dff5f30 elementor-hidden-mobile e-flex e-con-boxed e-con e-parent\" data-id=\"dff5f30\" data-element_type=\"container\" data-settings=\"{&quot;background_background&quot;:&quot;gradient&quot;}\">\n\t\t\t\t\t<div class=\"e-con-inner\">\n\t\t<div class=\"elementor-element elementor-element-a3a433c e-con-full e-flex e-con e-child\" data-id=\"a3a433c\" data-element_type=\"container\">\n\t\t\t\t<div class=\"elementor-element elementor-element-c4b317f elementor-widget elementor-widget-heading\" data-id=\"c4b317f\" data-element_type=\"widget\" data-widget_type=\"heading.default\">\n\t\t\t\t\t<h2 class=\"elementor-heading-title elementor-size-default\">Est\u00e1s a punto de activar tu plan<\/h2>\t\t\t\t<\/div>\n\t\t\t\t<div class=\"elementor-element elementor-element-e7a8da9 elementor-widget elementor-widget-text-editor\" data-id=\"e7a8da9\" data-element_type=\"widget\" data-widget_type=\"text-editor.default\">\n\t\t\t\t\t\t\t\t\t<p>No existen cargos ocultos ni costos adicionales fuera de lo que ves en pantalla.<br \/>Tu suscripci\u00f3n te permite:<\/p><ul role=\"list\"><li>Gestionar facturaci\u00f3n electr\u00f3nica sin interrupciones<\/li><li>Mantener tus obligaciones tributarias organizadas<\/li><li>Ahorrar tiempo en procesos operativos y administrativos<\/li><\/ul><p><br \/>Puedes administrar, cambiar o cancelar tu plan cuando lo necesites, desde tu cuenta.<br \/>PayBills est\u00e1 dise\u00f1ado para acompa\u00f1arte en el cumplimiento, con claridad y control en cada paso.<\/p>\t\t\t\t\t\t\t\t<\/div>\n\t\t\t\t<\/div>\n\t\t<div class=\"elementor-element elementor-element-d1f4ae7 e-con-full e-flex e-con e-child\" data-id=\"d1f4ae7\" data-element_type=\"container\">\n\t\t\t\t<\/div>\n\t\t\t\t\t<\/div>\n\t\t\t\t<\/div>\n\t\t<div class=\"elementor-element elementor-element-3d95628 elementor-hidden-desktop elementor-hidden-tablet e-flex e-con-boxed e-con e-parent\" data-id=\"3d95628\" data-element_type=\"container\" data-settings=\"{&quot;background_background&quot;:&quot;gradient&quot;}\">\n\t\t\t\t\t<div class=\"e-con-inner\">\n\t\t<div class=\"elementor-element elementor-element-e739465 e-con-full e-flex e-con e-child\" data-id=\"e739465\" data-element_type=\"container\">\n\t\t\t\t<div class=\"elementor-element elementor-element-55bf5b4 elementor-widget elementor-widget-heading\" data-id=\"55bf5b4\" data-element_type=\"widget\" data-widget_type=\"heading.default\">\n\t\t\t\t\t<h2 class=\"elementor-heading-title elementor-size-default\">Est\u00e1s a punto de activar tu plan<\/h2>\t\t\t\t<\/div>\n\t\t\t\t<div class=\"elementor-element elementor-element-6f4d8e2 elementor-widget elementor-widget-text-editor\" data-id=\"6f4d8e2\" data-element_type=\"widget\" data-widget_type=\"text-editor.default\">\n\t\t\t\t\t\t\t\t\t<p>No existen cargos ocultos ni costos adicionales fuera de lo que ves en pantalla.<br \/>Tu suscripci\u00f3n te permite:<\/p><ul role=\"list\"><li>Gestionar facturaci\u00f3n electr\u00f3nica sin interrupciones<\/li><li>Mantener tus obligaciones tributarias organizadas<\/li><li>Ahorrar tiempo en procesos operativos y administrativos<\/li><\/ul><p><br \/>Puedes administrar, cambiar o cancelar tu plan cuando lo necesites, desde tu cuenta.<br \/>PayBills est\u00e1 dise\u00f1ado para acompa\u00f1arte en el cumplimiento, con claridad y control en cada paso.<\/p>\t\t\t\t\t\t\t\t<\/div>\n\t\t\t\t<\/div>\n\t\t<div class=\"elementor-element elementor-element-9552d2b e-con-full e-flex e-con e-child\" data-id=\"9552d2b\" data-element_type=\"container\">\n\t\t\t\t<\/div>\n\t\t\t\t\t<\/div>\n\t\t\t\t<\/div>\n\t\t\t\t<\/div>\n\t\t","protected":false},"excerpt":{"rendered":"<p>PLANES PAYBILLS Pago seguro y transparente El pago se procesa de forma segura y te dar\u00e1 acceso inmediato a las funcionalidades del plan seleccionado. PLANES PAYBILLS Pago seguro y transparente El pago se procesa de forma segura y te dar\u00e1 acceso inmediato a las funcionalidades del plan seleccionado. Est\u00e1s a punto de activar tu plan [&hellip;]<\/p>\n","protected":false},"author":3,"featured_media":0,"parent":0,"menu_order":0,"comment_status":"closed","ping_status":"closed","template":"elementor_header_footer","meta":{"footnotes":""},"class_list":["post-854","page","type-page","status-publish","hentry"],"yoast_head":"<!-- This site is optimized with the Yoast SEO plugin v26.6 - https:\/\/yoast.com\/wordpress\/plugins\/seo\/ -->\n<title>Pagos - PayBills Facturaci\u00f3n Electr\u00f3nica<\/title>\n<meta name=\"robots\" content=\"index, follow, max-snippet:-1, max-image-preview:large, max-video-preview:-1\" \/>\n<link rel=\"canonical\" href=\"https:\/\/web.paybills.ec\/?page_id=854\" \/>\n<meta property=\"og:locale\" content=\"es_ES\" \/>\n<meta property=\"og:type\" content=\"article\" \/>\n<meta property=\"og:title\" content=\"Pagos - PayBills Facturaci\u00f3n Electr\u00f3nica\" \/>\n<meta property=\"og:description\" content=\"PLANES PAYBILLS Pago seguro y transparente El pago se procesa de forma segura y te dar\u00e1 acceso inmediato a las funcionalidades del plan seleccionado. PLANES PAYBILLS Pago seguro y transparente El pago se procesa de forma segura y te dar\u00e1 acceso inmediato a las funcionalidades del plan seleccionado. Est\u00e1s a punto de activar tu plan [&hellip;]\" \/>\n<meta property=\"og:url\" content=\"https:\/\/web.paybills.ec\/?page_id=854\" \/>\n<meta property=\"og:site_name\" content=\"PayBills Facturaci\u00f3n Electr\u00f3nica\" \/>\n<meta property=\"article:modified_time\" content=\"2026-02-24T05:08:00+00:00\" \/>\n<meta name=\"twitter:card\" content=\"summary_large_image\" \/>\n<meta name=\"twitter:label1\" content=\"Tiempo de lectura\" \/>\n\t<meta name=\"twitter:data1\" content=\"1 minuto\" \/>\n<script type=\"application\/ld+json\" class=\"yoast-schema-graph\">{\"@context\":\"https:\/\/schema.org\",\"@graph\":[{\"@type\":\"WebPage\",\"@id\":\"https:\/\/web.paybills.ec\/?page_id=854\",\"url\":\"https:\/\/web.paybills.ec\/?page_id=854\",\"name\":\"Pagos - PayBills Facturaci\u00f3n Electr\u00f3nica\",\"isPartOf\":{\"@id\":\"https:\/\/web.paybills.ec\/#website\"},\"datePublished\":\"2026-02-22T05:58:12+00:00\",\"dateModified\":\"2026-02-24T05:08:00+00:00\",\"breadcrumb\":{\"@id\":\"https:\/\/web.paybills.ec\/?page_id=854#breadcrumb\"},\"inLanguage\":\"es\",\"potentialAction\":[{\"@type\":\"ReadAction\",\"target\":[\"https:\/\/web.paybills.ec\/?page_id=854\"]}]},{\"@type\":\"BreadcrumbList\",\"@id\":\"https:\/\/web.paybills.ec\/?page_id=854#breadcrumb\",\"itemListElement\":[{\"@type\":\"ListItem\",\"position\":1,\"name\":\"Portada\",\"item\":\"https:\/\/web.paybills.ec\/\"},{\"@type\":\"ListItem\",\"position\":2,\"name\":\"Pagos\"}]},{\"@type\":\"WebSite\",\"@id\":\"https:\/\/web.paybills.ec\/#website\",\"url\":\"https:\/\/web.paybills.ec\/\",\"name\":\"PayBills Facturaci\u00f3n Electr\u00f3nica\",\"description\":\"PayBills es la plataforma digital definitiva para simplificar y profesionalizar la gesti\u00f3n de tus cobros. Olv\u00eddate de la complejidad: Factura simple y cobra r\u00e1pido, garantizando siempre la m\u00e1xima confianza.\",\"publisher\":{\"@id\":\"https:\/\/web.paybills.ec\/#organization\"},\"potentialAction\":[{\"@type\":\"SearchAction\",\"target\":{\"@type\":\"EntryPoint\",\"urlTemplate\":\"https:\/\/web.paybills.ec\/?s={search_term_string}\"},\"query-input\":{\"@type\":\"PropertyValueSpecification\",\"valueRequired\":true,\"valueName\":\"search_term_string\"}}],\"inLanguage\":\"es\"},{\"@type\":\"Organization\",\"@id\":\"https:\/\/web.paybills.ec\/#organization\",\"name\":\"PayBills Facturaci\u00f3n Electr\u00f3nica\",\"url\":\"https:\/\/web.paybills.ec\/\",\"logo\":{\"@type\":\"ImageObject\",\"inLanguage\":\"es\",\"@id\":\"https:\/\/web.paybills.ec\/#\/schema\/logo\/image\/\",\"url\":\"https:\/\/web.paybills.ec\/wp-content\/uploads\/2025\/12\/LOGO-F.svg\",\"contentUrl\":\"https:\/\/web.paybills.ec\/wp-content\/uploads\/2025\/12\/LOGO-F.svg\",\"width\":350,\"height\":96,\"caption\":\"PayBills Facturaci\u00f3n Electr\u00f3nica\"},\"image\":{\"@id\":\"https:\/\/web.paybills.ec\/#\/schema\/logo\/image\/\"}}]}<\/script>\n<!-- \/ Yoast SEO plugin. -->","yoast_head_json":{"title":"Pagos - PayBills Facturaci\u00f3n Electr\u00f3nica","robots":{"index":"index","follow":"follow","max-snippet":"max-snippet:-1","max-image-preview":"max-image-preview:large","max-video-preview":"max-video-preview:-1"},"canonical":"https:\/\/web.paybills.ec\/?page_id=854","og_locale":"es_ES","og_type":"article","og_title":"Pagos - PayBills Facturaci\u00f3n Electr\u00f3nica","og_description":"PLANES PAYBILLS Pago seguro y transparente El pago se procesa de forma segura y te dar\u00e1 acceso inmediato a las funcionalidades del plan seleccionado. PLANES PAYBILLS Pago seguro y transparente El pago se procesa de forma segura y te dar\u00e1 acceso inmediato a las funcionalidades del plan seleccionado. Est\u00e1s a punto de activar tu plan [&hellip;]","og_url":"https:\/\/web.paybills.ec\/?page_id=854","og_site_name":"PayBills Facturaci\u00f3n Electr\u00f3nica","article_modified_time":"2026-02-24T05:08:00+00:00","twitter_card":"summary_large_image","twitter_misc":{"Tiempo de lectura":"1 minuto"},"schema":{"@context":"https:\/\/schema.org","@graph":[{"@type":"WebPage","@id":"https:\/\/web.paybills.ec\/?page_id=854","url":"https:\/\/web.paybills.ec\/?page_id=854","name":"Pagos - PayBills Facturaci\u00f3n Electr\u00f3nica","isPartOf":{"@id":"https:\/\/web.paybills.ec\/#website"},"datePublished":"2026-02-22T05:58:12+00:00","dateModified":"2026-02-24T05:08:00+00:00","breadcrumb":{"@id":"https:\/\/web.paybills.ec\/?page_id=854#breadcrumb"},"inLanguage":"es","potentialAction":[{"@type":"ReadAction","target":["https:\/\/web.paybills.ec\/?page_id=854"]}]},{"@type":"BreadcrumbList","@id":"https:\/\/web.paybills.ec\/?page_id=854#breadcrumb","itemListElement":[{"@type":"ListItem","position":1,"name":"Portada","item":"https:\/\/web.paybills.ec\/"},{"@type":"ListItem","position":2,"name":"Pagos"}]},{"@type":"WebSite","@id":"https:\/\/web.paybills.ec\/#website","url":"https:\/\/web.paybills.ec\/","name":"PayBills Facturaci\u00f3n Electr\u00f3nica","description":"PayBills es la plataforma digital definitiva para simplificar y profesionalizar la gesti\u00f3n de tus cobros. Olv\u00eddate de la complejidad: Factura simple y cobra r\u00e1pido, garantizando siempre la m\u00e1xima confianza.","publisher":{"@id":"https:\/\/web.paybills.ec\/#organization"},"potentialAction":[{"@type":"SearchAction","target":{"@type":"EntryPoint","urlTemplate":"https:\/\/web.paybills.ec\/?s={search_term_string}"},"query-input":{"@type":"PropertyValueSpecification","valueRequired":true,"valueName":"search_term_string"}}],"inLanguage":"es"},{"@type":"Organization","@id":"https:\/\/web.paybills.ec\/#organization","name":"PayBills Facturaci\u00f3n Electr\u00f3nica","url":"https:\/\/web.paybills.ec\/","logo":{"@type":"ImageObject","inLanguage":"es","@id":"https:\/\/web.paybills.ec\/#\/schema\/logo\/image\/","url":"https:\/\/web.paybills.ec\/wp-content\/uploads\/2025\/12\/LOGO-F.svg","contentUrl":"https:\/\/web.paybills.ec\/wp-content\/uploads\/2025\/12\/LOGO-F.svg","width":350,"height":96,"caption":"PayBills Facturaci\u00f3n Electr\u00f3nica"},"image":{"@id":"https:\/\/web.paybills.ec\/#\/schema\/logo\/image\/"}}]}},"_links":{"self":[{"href":"https:\/\/web.paybills.ec\/index.php?rest_route=\/wp\/v2\/pages\/854","targetHints":{"allow":["GET"]}}],"collection":[{"href":"https:\/\/web.paybills.ec\/index.php?rest_route=\/wp\/v2\/pages"}],"about":[{"href":"https:\/\/web.paybills.ec\/index.php?rest_route=\/wp\/v2\/types\/page"}],"author":[{"embeddable":true,"href":"https:\/\/web.paybills.ec\/index.php?rest_route=\/wp\/v2\/users\/3"}],"replies":[{"embeddable":true,"href":"https:\/\/web.paybills.ec\/index.php?rest_route=%2Fwp%2Fv2%2Fcomments&post=854"}],"version-history":[{"count":10,"href":"https:\/\/web.paybills.ec\/index.php?rest_route=\/wp\/v2\/pages\/854\/revisions"}],"predecessor-version":[{"id":1075,"href":"https:\/\/web.paybills.ec\/index.php?rest_route=\/wp\/v2\/pages\/854\/revisions\/1075"}],"wp:attachment":[{"href":"https:\/\/web.paybills.ec\/index.php?rest_route=%2Fwp%2Fv2%2Fmedia&parent=854"}],"curies":[{"name":"wp","href":"https:\/\/api.w.org\/{rel}","templated":true}]}}